 What is the tens digit of u?
7
Suppose 54*z + 53350 = 57*z + 5*l, 5*z = -2*l + 88904. What is the tens digit of z?
8
Let c(d) = -10*d - 90. Let h be c(-12). Suppose 43*s - 2405 = h*s. What is the tens digit of s?
8
Let u be (128/(-48))/((-2)/(-2505)). Let g = u + 4770. What is the thousands digit of g?
1
Let u = -10681 - -49608. What is the hundreds digit of u?
9
Suppose -6*l + 53 - 17 = 0. Let v(w) = w**3 + 9*w**2 - 30*w - 6. What is the tens digit of v(l)?
5
Let m(u) = 886*u**3 - 6*u**2 + 4*u + 3. What is the thousands digit of m(2)?
7
Let w be (-3)/(6/44*(-1 - 1)). Let s(g) = w*g**2 - g**3 + 15 - 5*g - 2*g**2 + 3*g**2. What is the units digit of s(11)?
1
Let f be (-108)/(-26) + (12 - 316/26). What is the tens digit of (25 - 15)/(1*f/278)?
9
Let l = -121 + 615. Suppose -l = -v - 68. What is the units digit of v?
6
Suppose 5 = v - 3. Let g = -14 + 14. Suppose v*t - 9*t + 77 = g. What is the units digit of t?
7
Suppose -44*r - 630 = r. Let l(n) = 19*n - 60. Let v(o) = -18*o + 59. Let a(i) = 5*l(i) + 6*v(i). What is the hundreds digit of a(r)?
2
Suppose -f - 5*f = -60. Suppose -5*z = -f*z. Suppose z = -4*w + 2*h + 458, -5*h + 25 + 540 = 5*w. What is the tens digit of w?
1
Suppose -j + 3*j - 6 = t, 28 = 4*t + 5*j. Suppose -2*g + 1210 = x, -4*g + x + t*x + 2440 = 0. What is the hundreds digit of g?
6
Suppose -14*n + 9*n = 180. Let v = 31 + n. What is the tens digit of v*5/(10/(-28))?
7
Suppose -s - 39 = -2*n - 4*s, -5*s - 85 = -5*n. Suppose n*a - 380 = 14*a. What is the tens digit of a?
9
Suppose 2*c - 96728 = -4*u, -3*c + 7 = -5. What is the ten thousands digit of u?
2
Suppose 79*a = 83*a + 5*x - 8737, -4*x - 2158 = -a. What is the tens digit of a?
7
Let k(z) = -z**2 + 8*z - 9. Let a = -45 - -47. Let p be k(a). Suppose p*g - 93 = 459. What is the units digit of g?
4
Let w(c) be the second derivative of -c**4/6 + 9*c**3/2 - 5*c**2/2 - 16*c. What is the units digit of w(6)?
5
Suppose -35*u - 10*u + 180 = 0. Suppose 0 = -27*r + u*r + 9338. What is the units digit of r?
6
Suppose 3*v - o = 56, -3*o + 19 = -3*v + 5*v. Suppose 3528 = 24*c - v*c. What is the hundreds digit of c?
5
Suppose 2*v - 18 = -66. Let f = v + -15. What is the tens digit of (-1164)/f - (-10)/65?
3
Let w be 7 - -3 - 0/(-6). Suppose -17*r = -w*r - 5593. What is the tens digit of r?
9
Let z(n) = -607*n + 3983. What is the hundreds digit of z(4)?
5
Suppose 49*c - 50 = 48. Suppose 2*a = -2*b + 800, -a - c*a + 4*b + 1172 = 0. What is the tens digit of a?
9
Let q = -1214 + 7028. What is the tens digit of q?
1
Suppose 4*b = -4*d + 269524, -5*d - 34529 = 3*b - 236660. What is the thousands digit of b?
7
Let y(d) = 1243*d**2 - 538*d - 25. What is the tens digit of y(7)?
1
Let h be (-1)/((-3)/24) - 7. What is the tens digit of 2 + (72/108)/(h/1404)?
3
Suppose 2*a = 3*a + 295. Let v = a - -838. What is the units digit of v?
3
Let o = -137 + 127. What is the thousands digit of (-7925)/o*((-48)/(-30))/1?
1
Let q = -141 - -143. Suppose 3*h + q*s - 1048 = 0, 3*s = 6*s + 12. What is the units digit of h?
2
Suppose 730 = -0*c + 2*c - 4*a, 3*c = 4*a + 1087. Let y(d) = d**2 - 14*d - 5. Let o be y(13). What is the hundreds digit of (o/21)/((-3)/c)?
1
Let c be 18/30*-6*65*7. Let s = -515 - c. What is the thousands digit of s?
1
Let i(f) = 2500*f + 8534. What is the ten thousands digit of i(9)?
3
Let i = 124 - 124. Suppose 2*c - 234 + 74 = i. What is the tens digit of c?
8
Suppose -24*s + 22*s = -20692. What is the units digit of s/56 + (-3)/4?
4
Suppose -2*a - 254*g = -258*g - 11198, -16825 = -3*a - g. What is the tens digit of a?
0
Suppose -5*l + 4*n + 7120 = -22714, 3*n + 17901 = 3*l. What is the tens digit of l?
6
Let l(w) = 4*w**2 - 17*w + 60. Let q be l(6). Suppose 1358 = 109*b - q*b. What is the tens digit of b?
9
Suppose 2 = -21*s + 128. What is the units digit of (s/4)/((-26)/(-3640))?
0
Let i be 3/(135/(-10))*-9. Suppose a - 177 = -t + i*a, -4*t = -2*a - 702. What is the tens digit of t?
7
Suppose 0 = 6*m - 5808 + 2256. Suppose 2*p - m = 4*z, -p + 154 = 5*z - 114. What is the units digit of p?
8
Let u = 1336 - 883. Let n = u + -171. Suppose 102 + n = 4*a. What is the units digit of a?
6
Suppose 3*q = 14*c - 11*c + 15969, -4*c = -3*q + 15964. What is the tens digit of q?
2
Suppose -g + 7899 = -5*l, -2*g = -4*l + 2*l - 3158. Let f = -671 - l. What is the units digit of f?
9
Let f be (-391)/(-34) + 5/(-2). What is the hundreds digit of 4*f/16*3920/7?
2
Suppose 3 - 6 = -3*o + h, -4*h = 5*o - 22. Suppose v = o*q + q - 151, -248 = -5*q - 2*v. Let d = q - 44. What is the units digit of d?
6
Let r be (4/6)/2 + (-528)/(-198). Suppose 5*k = -b + 667, 4*k - 542 = -8*b + r*b. What is the hundreds digit of k?
1
Let d(z) = -11*z + 51. Let w be d(8). Let t = 117 - w. Suppose 2*k = 4*v + v - 821, v + 3*k = t. What is the hundreds digit of v?
1
Let m(y) = 7*y**2 + 8*y + 79. What is the units digit of m(-39)?
4
Let t(q) = 51*q**2 - 190*q - 452. What is the tens digit of t(-28)?
5
Let s(b) = 15*b - 11*b - 44 - 13*b. Let j be s(-16). Let u = 206 - j. What is the units digit of u?
6
Suppose -9*t + t = -56. What is the units digit of (-2)/(-8)*(541 + t)?
7
Let n = 50000 + 22744. What is the ten thousands digit of n?
7
Let t be 18815/(-20) - (-4)/((-48)/(-9)). What is the hundreds digit of t/15*(-45)/10?
2
Suppose -2*d = h - 45 - 175, -226 = -2*d - 4*h. Suppose 240 = 3*g - 4*a - 134, 0 = 3*a + 6. Let i = g - d. What is the tens digit of i?
1
Let q(x) = x**2 - 4*x - 6. Let a be q(6). Suppose -12*k + 9*k - a = 0. What is the tens digit of k/((-8)/30)*2?
1
Suppose 11544899 = 200*u + 3068899. What is the hundreds digit of u?
3
Let h be 14685/(-10)*(-4)/3. Let p = h - 1243. What is the tens digit of p?
1
Let f(p) = 2*p**3 - 3*p**2 + 20*p - 25. Let l(c) = -c**3 + c**2 - 10*c + 13. Let h(x) = 3*f(x) + 5*l(x). Let b = -92 + 96. What is the tens digit of h(b)?
3
Let c(u) = u**2 - 5*u - 15. Let j be c(7). Let k be (j + 0/3)*0. Suppose 3*v + 4*s - 125 = 0, k*v + s = v - 51. What is the units digit of v?
7
Suppose -2*x - 15 = -5*x, -1190 = -5*m - 2*x. Let g = -150 - -546. Let s = g - m. What is the tens digit of s?
6
Suppose -34*g + 50206 = d - 35*g, 4*g - 20 = 0. What is the units digit of d?
1
Suppose -5*o = 5*g - 3415, 4*o + 9*g - 2734 = 4*g. Let y = o - 180. What is the units digit of y?
1
Suppose -4*m - 9*x - 2125 = -6*x, -2*x = -2*m - 1052. Let f = m + 853. What is the tens digit of f?
2
Let r(a) = -a**3 + 9*a**2 + 27*a - 2. Let i be 6 - 6 - 12/(-3). Suppose -2*m - 26 = -2*c, i*c = -5*m + 41 - 7. What is the tens digit of r(c)?
5
What is the hundreds digit of 454/(-1*(-11)/66)?
7
Let g(u) = 5*u - 30. Let l be g(7). Suppose -276 = -2*v + l*i, -v - 3*i = -0*v - 127. Let k = v + -28. What is the hundreds digit of k?
1
Suppose t - 26 = -4*r - 386, 3*r = 4*t - 251. Suppose -i - 113 = -4*h + 99, 3*i - 4*h + 612 = 0. Let l = r - i. What is the tens digit of l?
1
Let q be (4 - 2)*1*2. Let k be q*(27/(-6) + 5). What is the units digit of (k - 3) + (85 - -3)?
7
Suppose 60*o = 63*o - 15. Suppose -o*x + 1936 = -x. What is the hundreds digit of x?
4
Suppose 5 = q - g - 0*g, -2*g = -5*q + 19. Let v(k) be the second derivative of 7*k**4/6 - k**3/2 + 9*k**2/2 + 24*k - 6. What is the hundreds digit of v(q)?
1
Let b = 5934 - -761. What is the tens digit of b?
9
Suppose -8*p + 2*p = 2*p. Suppose p = 2*q + 113 - 903. Let i = 607 - q. What is the hundreds digit of i?
2
Let v = 12201 - -607. What is the hundreds digit of v?
8
Let b(a) = 2*a - 18. Let q be b(11). Suppose 5*i + 0*i - 1266 = -4*j, 4*i + q*j - 1012 = 0. Suppose i = 60*p - 58*p. What is the tens digit of p?
2
Suppose 2*y - 4 = -2*k, 4*y - 4*k = -11 + 35. What is the tens digit of (((-3296)/40)/(y/(-10)))/2?
0
Let i = -27 + 29. Suppose -i*k = 5*g - 266, -g - 4*g - k + 268 = 0. Let p = g + 22. What is the units digit of p?
6
Let k = -3 - -6. Suppose -r - 4*x - 36 = 0, 57 = -3*r + k*x + 2*x. What is the tens digit of (-8)/r*(259 + -1)?
8
Suppose -1371 - 29 = -7*n. What is the units digit of 39/15 + -2 - (-80)/n?
1
Suppose -8*m + 79515 = -31013. What is the tens digit of m?
1
Let v = -78577 - -115693. What is the thousands digit of v?
7
Let x be (-816)/153*6/(-8). What is the tens digit of ((-12)/x)/((-15)/4105)?
2
Let x(r) = -r**3 - 16*r**2 + 10*r + 4. Let m be x(-6). Let t = -